, -z + 415 = 4*b - o*z. What is the units digit of b?
0
Let j be 3/6*(-4 - -2878)/3. Suppose -r - 345 = -4*z, -5*z = -2*r - j + 50. What is the tens digit of z?
8
Suppose -4*w = -12, -3*z + 2*w - 554 + 2237 = 0. What is the hundreds digit of z?
5
Suppose 0 = -5*m + 3*a - 5, 4*m + 2*a + 4 = a. What is the tens digit of 3/(-2 + m)*(-8 - 119)?
2
Let q(c) = -c**3 - 11*c**2 - c - 9. Let b be q(-11). Suppose l + 3*a = 18, -8 = -2*l + b*a - a. What is the tens digit of (164/l)/((-12)/(-18))?
4
Let f(a) = -a**3 - 3*a**2 + 9*a - 5. Let j be f(6). Let k = 449 + j. What is the tens digit of k?
7
Let t = -698 - -1324. What is the units digit of t?
6
Suppose 915 = 3*w + 12*p - 10*p, 1215 = 4*w + p. What is the tens digit of w?
0
Let c(w) = w**3 + 19*w**2 + w + 24. Let t be c(-19). Suppose -t*z - 10 = 0, 4*z + 353 + 159 = 4*g. What is the units digit of g?
6
Let d be 1*-4*(-36)/(-24). What is the tens digit of -1 + 3 - (0 + 27)*d?
6
Suppose -h - 12 = -3*h + w, 20 = 2*h - 3*w. Suppose 4*c - 4*y + 1 = 5, -h = -c - 2*y. Suppose c*t - 7 = 11. What is the units digit of t?
9
Suppose 5*n = -2*m + 127, -4*n + 4*m + 151 = n. What is the tens digit of 2 + n - (-1 - (-3 + 0))?
2
Let u(x) = x**3 + 6*x**2 + x + 12. Let j be u(-6). Suppose b = 5*r - j + 39, 2*b + 12 = -3*r. Let z = r - -17. What is the tens digit of z?
1
Suppose 3*f + 2*f - 5*g = 15, -2*g = f. Let v be 3*(6 - 3 - f). Suppose -3*n + 60 = v*q, -2*n - 2 + 32 = 4*q. What is the units digit of n?
5
Let j(g) = 17*g - 77. What is the units digit of j(6)?
5
Let d(r) = 2*r**2 - 14*r - 5. Let a be d(8). Let n(g) = 2*g**2 - g - 6. Let q be n(5). Let u = q - a. What is the tens digit of u?
2
Let m be 15*(-3)/9*-4. Let y(h) = -2*h**3 + 2*h**2 - h. Let u be y(2). Let s = m + u. What is the units digit of s?
0
Suppose 0*r + 21080 = 31*r. What is the units digit of r?
0
Suppose 3*m = 3*z - 6726, 4*m - 4695 = -4*z + 4257. What is the units digit of z?
0
Suppose -3*i + 4*d - 685 = -0*d, 2*i + 4*d + 430 = 0. What is the units digit of (33 + -32)*(-1 - (i + 1))?
1
Let l(a) = -a**2 + 16*a + 16. Let p be l(12). Suppose 5*i = -4*r + 196, 0 = -2*i - r + 3*r + p. What is the units digit of i?
6
Suppose 8 = 4*x - 0. Suppose 4*p - 346 = -3*h, -7 = x*p + 3. What is the units digit of h?
2
Let d(k) = -2*k**3 - 2*k**2 + 3*k + 4. Let l be d(-2). Suppose 0 - 6 = -l*i. What is the units digit of i?
1
Suppose -2*p - 8 = -5*q, 8 = 2*q - 3*p + p. Suppose -y + 70 = -q*y. Suppose 9*s = 4*s + y. What is the units digit of s?
4
Let s = 1122 - 604. What is the hundreds digit of s?
5
Let s = 178 - -872. What is the thousands digit of s?
1
Let p = 0 + 4. Let f be p/(-10)*(-5 - 25). Suppose -4*k = 5*w - 49, -3*w + 5*k + 10 = -f. What is the units digit of w?
9
Suppose 10*o + 36 - 406 = 0. Let l = 209 - o. What is the tens digit of l?
7
Let a(m) be the third derivative of m**4/3 + 3*m**3 - 6*m**2. What is the units digit of a(3)?
2
What is the tens digit of ((-130)/(-8))/((-3)/(-72)*1)?
9
Suppose 12 = -u + 44. Suppose -3*q + 2*d = -u - 13, 0 = 4*q + 4*d - 40. Let a = q - 4. What is the units digit of a?
9
Suppose 2*d = 4*q + 716, -4*d + 5*d - 718 = 4*q. Let f = -108 - q. What is the tens digit of f?
7
Suppose -4205*h + 4202*h = -1431. What is the units digit of h?
7
Suppose 4*m + 18 = 2*r, -2*m = -2*r - 3 + 17. Suppose -3*s + 279 = 4*h, 0 = -h + r*s + 41 - 0. What is the tens digit of h?
6
Let c be ((-27)/(-9))/(0 - -3). Let l be ((-18)/(-81))/(c/9). Suppose -l*b = -5*b - 2*d + 96, 3*b - 5*d = 75. What is the tens digit of b?
3
What is the units digit of -65*(-2 + -4 + -4)?
0
Let s = -13 - -19. Let g be -9 - -3 - -3 - -5. Let c = s - g. What is the units digit of c?
4
Suppose -18*i + 4 = -16*i. Suppose 6*v - 4*v = 250. Suppose -i*h + v = 3*h. What is the units digit of h?
5
Let a(k) = k**3 - 32*k**2 - 13*k + 113. What is the tens digit of a(33)?
7
Let s = 12 + -7. Suppose s*p - 320 = 10*p. Let d = 112 + p. What is the units digit of d?
8
Let o(d) be the third derivative of d**4/24 + 3*d**3/2 - 4*d**2. What is the tens digit of o(6)?
1
Let l be (-1)/((-2)/4) + -48. Suppose 33*d = 10*d - 2093. Let g = l - d. What is the tens digit of g?
4
Let g = 3737 + -2112. What is the thousands digit of g?
1
Let h be 4/(-10) + -5 + 108/20. Let j(a) be the second derivative of -a**3/6 + 39*a**2/2 - a. What is the tens digit of j(h)?
3
Let x(z) = -3*z**2 + 8*z - 9. Let h be x(-5). Let u = -51 - h. What is the tens digit of u?
7
Suppose -v - b + 7 = -2*b, v + 8 = -2*b. Let l be (-1)/(v - 31/15). Suppose 5*m = l + 110. What is the units digit of m?
5
Let f = -135 + 133. Let i(o) = 55*o**2 + 2*o - 4. What is the hundreds digit of i(f)?
2
Let v(g) = g + 9. Let l = -1 - 8. Let n be v(l). Suppose n = -p - 1 + 4. What is the units digit of p?
3
What is the tens digit of (12/10)/((-18)/(-7980))?
3
Let a = -121 - -360. Let r = -15 - -20. Suppose -6*g + n + 233 = -g, -2*n = r*g - a. What is the units digit of g?
7
Let n(b) = 35*b + 830. Let h(w) = -11*w - 277. Let i(a) = -7*h(a) - 2*n(a). What is the units digit of i(0)?
9
Let b(h) = 3*h**2 + 65*h - 19. Let r be b(-22). Let n = 2 - 0. Suppose 0 = -r*l - n*l + 185. What is the units digit of l?
7
Let o(v) = 6*v - 57. Let m be o(-6). Let l = m - -203. What is the hundreds digit of l?
1
Suppose -8*v - 66 = -11*v. Suppose 0 = 4*y - 158 - v. What is the tens digit of y?
4
Suppose -181 = -4*f + g, -250 = -4*f - 4*g - 74. Let k = 134 - f. What is the units digit of k?
9
Let a(l) = 0*l + 6*l - 9 + 4 - 2*l. What is the tens digit of a(14)?
5
Suppose 5*l = 5, 5*a + 11*l - 251 = 10*l. Suppose 40*m = 45*m - a. What is the tens digit of m?
1
Let n(m) = -95*m - 89. Let z(d) = 19*d + 18. Let c(u) = -2*n(u) - 11*z(u). Let o(x) = 9*x + 10. Let q(v) = 2*c(v) + 5*o(v). What is the tens digit of q(4)?
3
Let u(o) = -o**3 + 12*o**2 + 3*o + 3. Suppose -14*y + 19*y - 60 = 0. What is the tens digit of u(y)?
3
What is the units digit of 1690/20*(-2 + 6)?
8
Suppose -4*l - 3*o - 326 = -43, -2*l = -5*o + 135. Let c = -23 - l. What is the units digit of c?
7
Suppose -61783 = -53*l + 37433. What is the thousands digit of l?
1
Suppose 0 = 5*a - 4*n - 32, -6 + 23 = 2*a - 3*n. Suppose 5*f = -0*f. Suppose a*y - 2*o = 76, f = 4*y + o - 2*o - 74. What is the units digit of y?
8
Suppose -222*j = -233*j + 14058. What is the hundreds digit of j?
2
Suppose 5*d - i + 3 = d, 3*d - 3*i + 9 = 0. Suppose 49 = 3*c - 0*u + 2*u, c - u - 23 = d. What is the units digit of c?
9
Let n(k) = k**3 + 10*k**2 - 6*k - 10. Let h be n(-10). Suppose o + 4*g - h = 76, g = 0. What is the hundreds digit of o?
1
Let z = 29 - -6. Let h be 480/z - (-2)/7. Let d = h + -8. What is the units digit of d?
6
Let t be (0 - 0)*2/4. Suppose t*a - 304 = 3*a - 4*u, 372 = -4*a - 3*u. What is the tens digit of (-3 + (-16)/(-6))*a?
3
Suppose -4*q + k + 231 = 0, -5*q = -3*k + 15 - 295. Let z = q - 42. What is the tens digit of z + (-2 - -2) + -1?
1
Suppose -2*m - 17 + 5 = 2*s, -2*m = -4*s. Let h(f) = 30*f**2 - 3*f + 2. What is the tens digit of h(s)?
2
Suppose -3*n + 2 = 5*z, -3*z + 0*z - 24 = -n. Suppose 0*p + 2*k - 8 = -2*p, 0 = -3*k + n. What is the tens digit of 2 + 1 + 15*p?
1
Let b(l) = -l**2 + 8*l - 11. Let z be b(9). What is the tens digit of (-1375)/z - (-5)/20?
6
Let y = 109 - 58. Let b = y + 4. What is the units digit of b?
5
Let y(t) be the third derivative of -6*t**2 + 1/6*t**3 + 0 + 0*t - 1/8*t**4. What is the tens digit of y(-9)?
2
Let j(l) = -l**3 - 6*l**2 + 13*l - 3. What is the hundreds digit of j(-10)?
2
Suppose -3 = -3*u - 0, 4*t - 2*u - 866 = 0. Let k = 339 - t. Suppose 0 = -6*j + k - 26. What is the units digit of j?
6
Let b = -70 + 91. Suppose p = -g + b, 3*g + 3*p - 15 = 2*g. What is the units digit of g?
4
Let l(i) = -i**2 - i + 4. Let m be l(-2). Suppose -213 = -5*n - a, 0*n + m*a = 3*n - 133. What is the units digit of n?
3
Suppose 0 = -5*v + 2*v + 171. Suppose 2*l = l + v. Suppose 0 = 8*s - 5*s - l. What is the tens digit of s?
1
Let j(g) = 3*g - 8. Let t = 5 - 2. What is the units digit of j(t)?
1
Let m(b) = -b**3 + 5*b**2 + 30*b - 19. Let w be m(8). Let r = 43 + -69. What is the units digit of (w/(-2))/(13/r)?
9
Let l be (-2)/3*(-36 + -3). Let q = -9 + l. Suppose i - 6*i - 4*t = -9, -5*i - 2*t + q = 0. What is the units digit of i?
5
Suppose -5*g + 2*o + 21 = -0*g, g = 